l) = -27*l**2 + 3*l + 6. Let c be q(3). Let m = c + 322. What are the prime factors of m?
2, 47
Let i(s) = -s**3 - 13*s**2 + s + 16. Let x be i(-13). Suppose f = 2*c + 23 + 6, -x*f + 93 = -3*c. What are the prime factors of f?
3, 11
Let k be ((-4 - 1) + -1)*-5. Let l = 15 - k. Let u = l - -60. What are the prime factors of u?
3, 5
Suppose -1 + 10 = 3*v. Suppose v = -3*t + 12. Suppose -20 = -t*k - 2*p, 2*k + 4*p = -0*k + 24. What are the prime factors of k?
2
Let z(v) = -v**3 - 6*v**2 - 7*v + 5. Let k be z(-8). Suppose 5*n - k - 161 = 0. What are the prime factors of n?
2, 5, 7
Let o = 2604 + -1726. What are the prime factors of o?
2, 439
Let r be (-1 - -3)/(-2) + -4. Let m be ((-256)/20 - -2)*r. Suppose 0 = -4*x + o + o + m, 0 = 2*x - 5*o - 31. List the prime factors of x.
13
Suppose -l + 5*s = 19, 4 + 7 = -2*l + s. Let r(t) = 60 - 118 - 4*t**2 + 0*t**2 + 63 - t**3. List the prime factors of r(l).
5
List the prime factors of 2953 - ((-8)/(-2) - 8).
2957
Let m = 65 + -23. Suppose 4*w - m = -110. Let f = 36 + w. What are the prime factors of f?
19
Let v be (-6)/((-18)/(-57))*-1. Suppose 4*n - m = 4*m - 156, 5*m + 20 = 0. Let q = v - n. List the prime factors of q.
3, 7
Let r(g) = 0*g**2 + 0*g + 1 - g**2 - 2 + g. Let w be r(2). Let k = 5 - w. What are the prime factors of k?
2
Let h(k) = 23*k**2 + 19*k - 7. What are the prime factors of h(-7)?
3, 7, 47
Suppose 22*j - 23*j - 2999 = -4*b, 0 = 2*b + j - 1501. What are the prime factors of b?
2, 3, 5
Suppose 0 = -9*t + 4*t - 15. Let j be (-5 + 35)*(-2)/(-2). List the prime factors of 10/j + (-5)/t.
2
Suppose 76*g = -10*g + 21328. What are the prime factors of g?
2, 31
Suppose -4*d + 3826 = -1478. What are the prime factors of d?
2, 3, 13, 17
Suppose 1 = -5*p + 6. Let c be 21/(-49)*(p - 8). What are the prime factors of (5/c)/(5/75)?
5
Let u(d) = d**3 - d**2 + d + 192. Let w be u(0). Suppose w = -0*f + 4*f. List the prime factors of ((-126)/72)/((-2)/f).
2, 3, 7
Let m be ((-8)/(-10))/(2/(-15)). Let x(a) = -a**2 - 8*a - 8. Let p be x(m). Let v = p + -2. What are the prime factors of v?
2
Suppose 2*o + 10 = -3*o. What are the prime factors of 67*(o + 5)/3?
67
Let f(k) = -k**2 + 9*k - 9. Let q be f(6). Let h(v) = -v**2 + 10*v - 1. Let o be h(q). What are the prime factors of (-3120)/(-64) - 6/o?
2, 3
Suppose -f - f + 6 = 0. Suppose f*r - 2*l = 188, r - 41 = -6*l + 11*l. What are the prime factors of r?
2, 3, 11
Let g(u) = -11*u - 17. Suppose -27 = 5*b - b - t, 2*b = 5*t - 27. What are the prime factors of g(b)?
7
Suppose -z + 5*s = -1572, 4*s - 313 - 1259 = -z. List the prime factors of z.
2, 3, 131
List the prime factors of 1007 + -30 + 31 + (-1 - -1).
2, 3, 7
Let m = 123 - 103. Suppose -3*q + m = w - q, 8 = w - q. List the prime factors of w.
2, 3
Let v(h) be the first derivative of h**7/840 - h**6/60 - h**5/20 - 4*h**3/3 + 4. Let c(t) be the third derivative of v(t). What are the prime factors of c(7)?
7
Suppose 5*h + 42 = 32. Let p be -12 + 8 - (h - 1). What are the prime factors of ((-3)/(-6) + p)*-62?
31
Let i be (12/8)/(9/132). Suppose -4*y = -i - 2. What are the prime factors of y/10 + (-608)/(-20)?
31
Let t = -89 - -465. Suppose 14*w - t = 10*w. What are the prime factors of w?
2, 47
List the prime factors of (235 + (0 - -4))*(-4 - -6).
2, 239
Suppose 0 = 3*d + 2*y - 81, -3*d + y + 24 = -48. Suppose 0 = 3*o - 8*o + 3*n + 32, 4*o + 2*n - 8 = 0. Suppose d = o*t + t. List the prime factors of t.
5
Suppose 5*r - 457 - 163 = 0. Let h = 264 - r. Let m = h - 100. List the prime factors of m.
2, 5
Let l(a) be the second derivative of a**3/2 - 3*a**2/2 + 8*a. List the prime factors of l(13).
2, 3
Let l be (-18)/15*(-10)/4. List the prime factors of (-7 - -5)*l/(-2).
3
Let u(f) = -2*f**2 - f - 6. Let p(c) = 7*c**2 + 2*c + 17. Let k(y) = 3*p(y) + 8*u(y). Let g = 53 - 50. List the prime factors of k(g).
2, 3, 7
Suppose 0 = 44*m - 14*m - 26610. List the prime factors of m.
887
Let w(r) = 62*r**3 - r**2 + r + 1. Let g be w(-1). Let p = 4 - g. List the prime factors of p.
67
Suppose 5*k + 7*t = 4*t + 35, 4*k + 2*t - 26 = 0. Suppose 54 = 2*h + k*o, -5*h - 2*o = -2*h - 65. List the prime factors of h.
19
Suppose 0 = -7*j + 7243 + 1766. What are the prime factors of j?
3, 11, 13
Let o = 2 + 171. Let d = o + -100. What are the prime factors of d?
73
Suppose 3 - 21 = 2*l. Let z = -9 - l. Suppose -5*i + 3*x + z + 147 = 0, 4*i + 4*x = 92. What are the prime factors of i?
3
Let z be (-1)/((-2)/4) - -1. Suppose -z*b + 140 = -82. List the prime factors of b.
2, 37
Let w = -10 + 12. Let k(r) = -2*r - 11*r**2 + 12 - 2*r**w + 4*r + 2*r + r**3. List the prime factors of k(13).
2
Let p(i) = -i**2 - 7*i - 2. Suppose 18 = 2*x - 2*z, z - 19 = -4*x + 3*x. Suppose -5*q - 8 = m, -6*m - x = -m - q. List the prime factors of p(m).
2, 5
Let w(c) = c**3 - 5*c**2 + 3*c - 4. Let h be w(4). Let m(z) = -10*z + 18. List the prime factors of m(h).
2, 7
Let c(w) = 13*w - 2. Let l = -12 + 13. Let g be -6*2*l/(-6). List the prime factors of c(g).
2, 3
Let c = -69 - -59. What are the prime factors of -164*(c/(-4))/(-5)?
2, 41
Let p(c) = 20*c - 3. Suppose -3 = 5*n - 8. Suppose k - 1 = n. What are the prime factors of p(k)?
37
Let l(m) = -3*m + 15*m**2 + 2 + 5 - m**3 + 24*m + 17. List the prime factors of l(16).
2, 13
Let f be (-2)/((-16)/14 - -1). Let t = f - 15. What are the prime factors of (52/(-10))/(t/5)?
2, 13
Suppose -4*y + 2*j + 842 = 0, 2*j = 2*y - j - 415. Suppose 2*u = 3*s - s - y, 506 = 5*s + 3*u. List the prime factors of s.
103
Let o(z) be the second derivative of -z**5/120 + 25*z**4/24 - 5*z**3/6 + 2*z. Let g(t) be the second derivative of o(t). What are the prime factors of g(14)?
11
Suppose 0 = 804*o - 805*o + 9. What are the prime factors of o?
3
Let p be 4 + -3 + 2 + 1. Let s = p - 3. Suppose -i - 2*j - 2*j + s = 0, 2*i - 26 = -2*j. List the prime factors of i.
17
Let d = 132 - 36. Let u = d - 52. List the prime factors of u.
2, 11
Let n(h) = 5 - 19*h + 65*h - 8*h - 18*h. List the prime factors of n(12).
5, 7
Let h(u) = u**3 + 6*u**2 - 17*u - 6. Let p be h(-8). List the prime factors of 785/15 - p/6.
2, 13
Let m(a) = a**2 - 11*a - 25. Let h be m(13). What are the prime factors of (h - (-252)/15)*5?
89
List the prime factors of 1536 - ((-7)/(-3))/(7/6).
2, 13, 59
Let k be 0*(16/(-12))/4. Suppose -3*j - g + 1 + 6 = k, -5*j = -3*g - 35. Let t = 23 - j. List the prime factors of t.
19
Let l = -76 + 169. List the prime factors of l.
3, 31
Let b(s) = s**3 - 6*s**2 + 7. Suppose -1 = -t + 3, -2*j = -4*t - 66. Let a = j + -35. List the prime factors of b(a).
7
Let k = 3 - -2. Suppose k*c = 5*j - 1610, -3*j + 8*j + 2*c - 1624 = 0. What are the prime factors of j?
2, 3
Let k = 13961 + -9888. List the prime factors of k.
4073
Let o = 12 - 9. Suppose 25 = 3*l - 4*h - 18, -4*l + 55 = -o*h. Suppose l = q - 7. What are the prime factors of q?
2, 5
Let p(f) = -f**3 - 13*f**2 - f - 8. Let u be p(-13). Suppose 0*w = u*w - 4*k + 12, 4*w - 15 = -5*k. Suppose -g + 23 = -w*g. List the prime factors of g.
23
Suppose i + 3*c - c = 10, -5*i - 5*c + 40 = 0. Let z be (-3)/i*2 - -6. Suppose z*u + 16 = 4*h, -h - 5*u + 4 = -0. List the prime factors of h.
2
Let d(v) = 7*v**2 - 54*v + 9. What are the prime factors of d(9)?
2, 3, 5
Let j(u) = 10*u**3 + u**2 + 3. Let w(y) = 15*y**3 + y**2 + 5. Let g(b) = -8*j(b) + 5*w(b). Let l be 40/90 + 66/(-27). List the prime factors of g(l).
29
What are the prime factors of (-7 + 16672)/11 + 3?
2, 3, 11, 23
Suppose -q = 2*q - 3*s - 21, s + 31 = 3*q. Let p(w) = w**2 - 6*w + 7. List the prime factors of p(q).
79
Suppose -2*g + 12 = 4. Suppose 3*l - j + 2*j = 5, 16 = -g*j. Suppose 0 = -l*b + 38 - 8. What are the prime factors of b?
2, 5
Let v(s) = -153*s + 3. Let m = 48 - 50. What are the prime factors of v(m)?
3, 103
Let k(w) = 3*w**2 - 39*w - 235. List the prime factors of k(35).
5, 83
Let q be -4 - (-15 - 4)*1. Let t = q - 12. Suppose -5*i = t*y - 7*y - 61, -4*y + 17 = i. List the prime factors of i.
13
Suppose -21*a = -6*a - 1200. Let f = 51 + -18. Let k = a - f. What are the prime factors of k?
47
Suppose -5*p + b + 1006 = 0, -b + 4*b = 12. Suppose -2*m = -5*u - p - 127, 2*m + u = 299. List the prime factors of m.
2, 19
Suppose k - q + 6*q - 205 = 0, 0 = 4*q. What are the prime factors of k?
5, 41
Let y(h) be the f